 the prime factors of r.
3, 11
Suppose -8*q = -4*q - 460. Suppose 2*l = -3*x + 386, 3*l - q = 2*x - 381. Suppose 5*r - 3*c - c - x = 0, 0 = -r + 5*c + 47. What are the prime factors of r?
2, 11
Suppose -3*k = -7*k. Suppose k = -0*x + 3*x - 15. Let r = x + 6. What are the prime factors of r?
11
Let r(v) = 9*v - 12. Let g(q) = -q - 1. Let m(c) = 5*g(c) + r(c). What are the prime factors of m(8)?
3, 5
Suppose 3*h + 0*h = -30. Let t = h + 14. List the prime factors of t/16 - 54/(-8).
7
Suppose -3*w - 5*c = -7 - 23, 3*c - 4 = w. Suppose -43 = -2*d - t, d - 17 = w*t + 32. What are the prime factors of d?
2, 3
Suppose -m - 4 = -2*m. Suppose -38 = -m*p + 2. List the prime factors of p.
2, 5
List the prime factors of 1/(-2)*(-10 + -2).
2, 3
What are the prime factors of 9 + 40 + 3/(-1 + 0)?
2, 23
Suppose 2*z + 7*z - 1170 = 0. List the prime factors of z.
2, 5, 13
Let p(m) be the second derivative of 3*m**5/10 - m**4/6 + m**3/6 + m. Let l = 2 - 1. What are the prime factors of p(l)?
5
Let k(b) be the first derivative of -5*b**2/2 + 2*b + 5. What are the prime factors of k(-2)?
2, 3
Suppose 30 = 5*t - 0*t. Let d = -1 - t. Let h = d + 13. What are the prime factors of h?
2, 3
Suppose 0 = -5*k + 1 + 9. Suppose -6*x + 2*x = 3*w - 39, 0 = k*w + 5*x - 33. Suppose -p + w = -1. List the prime factors of p.
2, 5
Suppose 385 = 3*w - 86. List the prime factors of w.
157
Let x = -2 - -5. Let s be 3 + 2*x/(-6). Suppose 22 = 3*h - 4*m, s*h = 4*h - 2*m - 18. What are the prime factors of h?
2, 7
Let a(i) = -i**2 - 4*i - 1. Let l be a(-3). Let f be (-45)/(-36)*8/l. Suppose 0 = -2*n - 2*j + 28, -2*n + f*j = 2*n - 38. What are the prime factors of n?
2, 3
Suppose 6*v + d - 7 = 3*v, 2*v = -2*d + 6. List the prime factors of v.
2
Let t(p) = 3*p**2 - 6*p + 6. List the prime factors of t(5).
3, 17
Suppose -3*a + t + 252 = a, -272 = -4*a - 4*t. Let p = a - 24. Suppose -4*j + 95 - 11 = 4*w, 2*j - p = -w. What are the prime factors of j?
19
Suppose -2*z + 3*u = -27, -2*z - 2*u + 14 = -8. Suppose 5*s = 2*k + 8, 0 + 8 = 2*s + 4*k. Suppose 8 + z = s*l. What are the prime factors of l?
2, 5
Let w(k) = -k**2 + 12*k - 15. Let q be w(10). Suppose 3*t - 7*t - 3*g + 29 = 0, q*t + g - 28 = 0. List the prime factors of t.
5
Suppose -7344 = 7*g - 31*g. What are the prime factors of g?
2, 3, 17
Let g = -25 + 53. List the prime factors of g.
2, 7
Suppose r - 2*s = 468 - 152, 3*s - 632 = -2*r. What are the prime factors of r?
2, 79
Let r = 41 - 36. What are the prime factors of r?
5
Let k be (-6)/(-6)*(-1 - -6). Suppose -k*i = 5*c - 65, -15 + 72 = 5*c + i. What are the prime factors of c?
11
Let y = 73 - 40. Let g = y - 8. List the prime factors of g.
5
Suppose -1 - 8 = 3*t. Let q = t + 6. Suppose 20 = 3*h - k, -q*k - 1 - 3 = -h. List the prime factors of h.
7
Let t(u) = 76*u + 20. List the prime factors of t(3).
2, 31
Let s(l) = -l**2 + 1. Let w(k) = -2*k**2. Let j(m) = -3*s(m) + w(m). What are the prime factors of j(4)?
13
Let u = -12 - -8. List the prime factors of (36/8)/((-2)/u).
3
Let n(r) = 2*r**2 - 4*r + 2. Let s be n(2). Let a be (1/s - 0)*2. What are the prime factors of (9 - -2)/a + 0?
11
Let s be -1 + 1 + (-12)/(-4). Suppose -4*x - 39 = -s*p, -p - 5*x - 13 = -2*p. What are the prime factors of p?
13
Let x = -1 - -4. Suppose -j - 18 = -x*j. Suppose -s + j = 2*s. What are the prime factors of s?
3
Let j(g) = -g + 1. Let d = -7 + 5. Let o be j(d). What are the prime factors of (-1 - -2) + o + 4?
2
Let l(y) = -2*y - 6. Let p be l(4). Let k(g) = -2*g - 22. List the prime factors of k(p).
2, 3
Let u = 8 - 4. List the prime factors of (-1)/u - 106/(-8).
13
Let n(d) = d. Let p be n(3). Let q(y) = -y**2 + 16*y. Let o be q(16). Suppose -4*z = -o*s + 4*s - 4, -z = -p*s - 13. List the prime factors of z.
2
Suppose 0 = 2*d - 0 - 2. Suppose 13 = 3*g - 2*r, 4*g = g - 5*r - d. Suppose c - 40 = -g*c. List the prime factors of c.
2, 5
Suppose v - 3*p = 45, -4*v - 5*p = -15 - 131. What are the prime factors of v?
3, 13
Suppose 0 = s - 2*s - 28. Let u = s - -73. List the prime factors of u.
3, 5
Let z be (5 + -3)*8/4. What are the prime factors of (z + -16)/(1 - 2)?
2, 3
Let z(n) = -n**2 - 3*n - 1. Let a be z(-3). List the prime factors of 3*(a + (-57)/(-9)).
2
Suppose 4*t + 5*i + 28 = 0, 0*t + i + 6 = -t. List the prime factors of (t/3)/((-8)/84).
7
Suppose -2*y - 5*l = y - 146, 4*l = 5*y - 268. List the prime factors of y.
2, 13
Let t be (-186)/(-15) - 4/10. Suppose -34 = -2*u + 3*h, 2*h + 50 = 2*u + 7*h. Let i = u - t. What are the prime factors of i?
2
Let z(g) = -g - 8. Let p be z(-7). Let m be (8/(-4))/(p + 0). List the prime factors of m*2*(-3)/(-2).
2, 3
List the prime factors of 1 + (32 - (0 + -3)).
2, 3
Suppose -5*f + 11 = -9. Suppose -2*p + f*p = 4. Let i = p - -1. What are the prime factors of i?
3
Let w(q) = -q**2 - 3*q + 3. Suppose t + 1 = l, -5*l + 4*t = 3*t + 11. Let u be w(l). List the prime factors of (-2)/u - (-26)/3.
2
Suppose -27*z + 24*z = -111. List the prime factors of z.
37
Let k = -19 + 28. Suppose -2*l = -k + 3. Suppose -l*o + 2*o = 4*c, 5*o - 4*c = 72. What are the prime factors of o?
2, 3
Suppose -3*k + 14 = s, -3 = -2*s + 2*k + 1. Suppose -v - 3*j = -55, -234 + 24 = -s*v - 2*j. Suppose 6*n = 2*n + v. List the prime factors of n.
2, 5
Let j(f) = -3*f - 1. Let c be j(-3). Let u(d) be the first derivative of -d**3/3 + 4*d**2 + 2*d + 1. What are the prime factors of u(c)?
2
Let g(a) = -a**3 + 4*a**2 + 4*a + 2. Let q be g(5). Let o(k) = 3*k**2 - k - 2. What are the prime factors of o(q)?
2, 7
What are the prime factors of 2 + -5 + 6 - -43?
2, 23
Suppose -7*q - 27 + 2071 = 0. What are the prime factors of q?
2, 73
Suppose 0 = 3*c - 45 + 6. Let z(w) = -c - 3*w + 2 + w + 5*w. What are the prime factors of z(8)?
13
Let v(b) = -1 - 2 + 11*b - b**2 + 0*b**2 + 1. What are the prime factors of v(9)?
2
Let d(a) be the third derivative of -a**3/6 + a**2. Let r(z) = -z - 20. Let o(x) = 2*d(x) - r(x). List the prime factors of o(-8).
2, 5
Let s = -221 - -320. What are the prime factors of s?
3, 11
Let z = -23 + 38. Suppose -b + z = -0*b. What are the prime factors of b?
3, 5
Let x be (1 + 1)*3/2. Suppose 4*c = -j + x, -4*j - 5*c + 2 + 10 = 0. List the prime factors of j.
3
Let x(o) = -6*o - 10 + 16*o + 4*o**2 - 5*o**2. List the prime factors of x(7).
11
Let p be 1*0/(-2) - -10. Let f(c) = c**2 - 8*c - 16. Let m(z) = -z**2 + 8*z + 17. Let j(h) = 3*f(h) + 2*m(h). List the prime factors of j(p).
2, 3
Let s(z) = -z**2 - 24*z - 10. What are the prime factors of s(-14)?
2, 5, 13
Let f = 22 + 17. What are the prime factors of f?
3, 13
Let o(v) = -26*v - 5. What are the prime factors of o(-12)?
307
Let h be ((-14)/(-6))/((-1)/3). Let n = -4 - h. List the prime factors of ((-2)/n)/(4/(-18)).
3
What are the prime factors of (-6)/(6*1/(-208))?
2, 13
Let p = -70 + 114. List the prime factors of p.
2, 11
Suppose 0 = 5*a + 2*x + 39, 0 = -a - 4*a - 5*x - 45. Let s = a + 19. List the prime factors of s.
2, 3
Suppose 3*m - 3*u - 96 = 0, 5*m - u + 95 = 271. List the prime factors of m.
2, 3
Let q be 3/(-3*(-3)/9). List the prime factors of 14/(3 + (-3)/q).
7
List the prime factors of 1/(-2)*0 - -5.
5
Let b(x) be the second derivative of -x**4/12 - 2*x**3/3 + 3*x**2/2 - 2*x. List the prime factors of b(-4).
3
Let i(a) = -a**2 + a - 2. Let w be i(2). Let x = w + 16. What are the prime factors of x?
2, 3
What are the prime factors of (-7518)/(-70) + 4/(-10)?
107
Let y(a) = -1 + 0 + 3*a**2 - 2*a + 3*a. Suppose -144 = 5*d - 129. What are the prime factors of y(d)?
23
Suppose 9*q + 165 = 14*q. Let b = 54 - q. List the prime factors of b.
3, 7
Let v = 7 + -5. Suppose -3*s = v*s - 20. What are the prime factors of s?
2
Suppose -2*b + 826 = 5*b. What are the prime factors of b?
2, 59
Suppose 6 = 2*x - 3*y, -3*x = -2*y - 2 - 2. Suppose x = 4*k - n - 167, 163 = 5*k + n - 48. List the prime factors of k.
2, 3, 7
Let v(h) = -h**3 - 3*h**2 - 2*h + 4. Let u be v(-4). Let i = u - 14. List the prime factors of i.
2, 7
Suppose 0 = -2*s + s + 18. What are the prime factors of s?
2, 3
Suppose -4*m = -5*l - 824, -m - 2*l + 618 = 2*m. What are the prime factors of m?
2, 103
Let k(j) = 2*j**2 + 5*j - 3. List the prime factors of k(2).
3, 5
Let a(d) = -d**3 - 10*d**2 - 13*d - 11. Let f be a(-9). Suppose -5*s - 5*b + f = 0, 